mon factor of 30240 and 88559520?
3360
What is the greatest common factor of 1410 and 176060355?
705
Calculate the greatest common factor of 75 and 119565465.
15
Calculate the greatest common factor of 154 and 540302.
14
Calculate the greatest common factor of 7801424 and 1112.
8
What is the greatest common divisor of 198 and 128249?
11
What is the highest common factor of 1683 and 36001053?
1683
What is the greatest common factor of 5127660 and 3091540?
9340
What is the highest common factor of 5582412 and 91908?
3996
Calculate the greatest common divisor of 1151467 and 87569.
1307
What is the greatest common divisor of 1208998 and 77?
7
What is the greatest common factor of 4392 and 9657816?
24
Calculate the highest common divisor of 25 and 41394835.
5
What is the highest common factor of 1209 and 89275350?
93
Calculate the highest common factor of 10980 and 97668320.
1220
What is the greatest common factor of 398 and 18622619?
199
What is the greatest common divisor of 283535019 and 4198?
2099
Calculate the highest common factor of 78 and 124655310.
78
What is the highest common divisor of 3569 and 9125933?
3569
Calculate the highest common factor of 8880048 and 27936.
144
What is the greatest common divisor of 66508 and 383500?
52
What is the highest common divisor of 10184 and 1616997698?
2546
What is the highest common factor of 17412750 and 315?
45
What is the highest common divisor of 12418400 and 101600?
800
What is the greatest common factor of 641309 and 19067?
23
What is the greatest common factor of 55775507 and 76?
19
Calculate the greatest common divisor of 16198 and 1767906.
14
What is the highest common factor of 7915 and 244435?
5
What is the greatest common divisor of 135104643 and 63?
9
What is the highest common divisor of 624 and 5276944?
16
What is the greatest common factor of 11608 and 436?
4
What is the greatest common factor of 16597 and 630?
7
What is the greatest common divisor of 9653147 and 2303?
49
Calculate the highest common factor of 61769057 and 1463.
133
Calculate the greatest common divisor of 1777136 and 88072.
872
Calculate the highest common divisor of 682797408 and 10656.
3552
Calculate the highest common factor of 42903 and 15288.
21
What is the highest common divisor of 65008026 and 8307?
639
What is the greatest common divisor of 930 and 549390?
30
What is the greatest common divisor of 102993 and 66?
33
Calculate the greatest common factor of 2712 and 745818306.
678
Calculate the highest common factor of 667669 and 5513.
149
Calculate the highest common factor of 3580 and 126220060.
3580
What is the greatest common divisor of 513 and 639692?
19
Calculate the greatest common divisor of 187 and 25350094.
187
Calculate the highest common divisor of 1715930 and 570655.
305
What is the greatest common divisor of 414575 and 1018325?
4025
Calculate the highest common divisor of 5895265 and 186499.
3161
What is the greatest common divisor of 117 and 439411401?
117
Calculate the highest common divisor of 2790 and 18851720.
310
Calculate the greatest common divisor of 4063158 and 1287.
99
Calculate the greatest common factor of 2889 and 8766189.
963
What is the greatest common factor of 5247 and 18592506?
477
What is the greatest common divisor of 1424510 and 23380?
1670
Calculate the greatest common divisor of 385282040 and 572.
572
Calculate the greatest common factor of 454694 and 5002.
122
What is the highest common factor of 515 and 1192863085?
515
What is the greatest common factor of 1638 and 2156154?
546
What is the highest common divisor of 696 and 3926040?
24
What is the greatest common factor of 832909 and 564949?
2233
Calculate the greatest common divisor of 16 and 9927724.
4
Calculate the highest common factor of 44 and 156953236.
44
What is the highest common divisor of 42065298 and 110?
22
What is the greatest common factor of 227 and 62770494?
227
What is the highest common divisor of 80 and 1198984?
8
Calculate the highest common divisor of 480 and 28697460.
60
Calculate the highest common divisor of 2829789 and 120357.
2799
What is the highest common divisor of 2904225 and 450?
75
What is the greatest common factor of 1058440 and 28200?
1880
Calculate the highest common divisor of 98922932 and 612.
68
Calculate the highest common divisor of 333953 and 44467.
53
What is the highest common factor of 534285 and 1984?
31
What is the greatest common divisor of 357870 and 43941?
453
Calculate the highest common divisor of 15068181 and 5157.
573
What is the greatest common divisor of 2880 and 3382848?
576
What is the highest common divisor of 3330 and 2960?
370
What is the greatest common factor of 830115 and 10890?
495
What is the greatest common divisor of 3441609 and 92583?
729
Calculate the highest common factor of 1643276 and 124.
4
Calculate the highest common factor of 339353911 and 377.
377
Calculate the highest common factor of 379267173 and 4127.
4127
Calculate the highest common divisor of 4407762 and 126.
6
Calculate the greatest common divisor of 1392359 and 23910.
797
Calculate the greatest common divisor of 1377 and 2320041.
51
Calculate the highest common divisor of 16416 and 673704.
216
What is the greatest common divisor of 27732 and 50643254?
4622
What is the greatest common factor of 13924 and 10684?
4
Calculate the highest common factor of 619992 and 14095008.
7848
What is the greatest common divisor of 195 and 57652647?
39
What is the greatest common divisor of 6375905 and 122140?
985
Calculate the highest common divisor of 1667 and 5283668189.
1667
What is the highest common divisor of 2010 and 45779626?
134
Calculate the greatest common factor of 285 and 1591560.
15
Calculate the highest common factor of 61533300 and 1500.
300
Calculate the greatest common divisor of 7494351 and 82569.
4857
Calculate the greatest common factor of 30483 and 46791.
27
Calculate the highest common divisor of 214379810 and 2540.
1270
What is the highest common factor of 686184 and 11448?
24
What is the highest common factor of 3696 and 1043427?
231
Calculate the highest common factor of 2023504 and 9541.
203
Calculate the greatest common divisor of 5652 and 270553076.
628
Calculate the greatest common divisor of 71323480 and 360.
40
What is the highest common factor of 5300932 and 5656?
28
Calculate the greatest common divisor of 27009 and 238522481.
3001
What is the highest common divisor of 3962203 and 65968?
4123
What is the highest common factor of 1897 and 28861?
7
Calculate the greatest common factor of 76422 and 218127.
141
What is the highest common divisor of 9261 and 125794809?
1323
What is the highest common factor of 2679 and 8346354?
141
Calculate the greatest common factor of 6270 and 20695389.
627
Calculate the highest common factor of 1495322 and 1610.
46
Calculate the greatest common factor of 9 and 65455071.
3
What is the greatest common factor of 116199345 and 1140?
285
Calculate the greatest common divisor of 3162510 and 12636.
702
What is the highest common factor of 16464744 and 96?
24
What is the greatest common divisor of 2584175 and 2750?
275
Calculate the greatest common divisor of 1224 and 216138.
102
What is the highest common factor of 82803634 and 3496?
874
What is the highest common divisor of 19 and 31027038?
19
Calculate the greatest common factor of 90482250 and 1338.
1338
Calculate the greatest common factor of 2468083 and 1.
1
What is the greatest common factor of 110428034 and 5731?
521
What is the greatest common factor of 32460 and 67020?
60
Calculate the highest common divisor of 1172 and 92550789.
293
What is the highest common factor of 95829708 and 48?
12
Calculate the highest common divisor of 43850755 and 31175.
6235
Calculate the highest common divisor of 845 and 40580.
5
What is the highest common factor of 28896 and 627648?
672
What is the greatest common divisor of 383772 and 3732?
12
Calculate the greatest common factor of 268335 and 27790695.
4005
What is the highest common divisor of 473 and 113519054?
473
What is the greatest common factor of 9598720 and 66560?
1280
Calculate the highest common divisor of 15 and 99891555.
15
What is the highest common factor of 68 and 133118262?
34
Calculate the highest common divisor of 28127554 and 637